e m(d). Suppose 160 = 2*h - 5*o, -4*h = h - w*o - 419. Calculate the greatest common factor of 34 and h.
17
Suppose 0 = -235*d - 184*d + 2974900. Calculate the greatest common factor of d and 40.
20
Suppose 6*y - 571 + 268 = 291. Calculate the highest common factor of 5841 and y.
99
Suppose -z = 2 - 4. Let d(u) = 4*u**3 + 12*u**2 - 6*u**2 - 17 - 1 + 14 - 5*u**2. Let l be d(z). Calculate the greatest common factor of l and 8.
8
Let r(z) = -41*z**3 + 2*z**2 + 3*z + 2. Let y be r(-1). Let t = -23 - -25. Suppose -5*i + t*i + 18 = 0. Calculate the highest common divisor of y and i.
6
Let q(y) = 221*y + 4224. Let g be q(32). What is the greatest common divisor of 32 and g?
32
Suppose 4*l - h - 73 = 0, 4*l - h - 69 = -4*h. Let c(n) = 2*n**2. Let u be c(-9). Calculate the highest common divisor of u and l.
18
Suppose -221*j = -230*j + 504. Calculate the greatest common factor of 5404 and j.
28
Let n = 205 + -204. Let y be 1 + (n - -11) + 4. Suppose 141 = 2*o - 165. What is the highest common factor of y and o?
17
Let w(y) be the third derivative of 5*y**4/12 + 47*y**3/6 - 38*y**2. Let i be w(17). Calculate the highest common divisor of 7 and i.
7
Let u be 1*(-1 + 122) + -12 + 25 + -16. Calculate the highest common divisor of 54 and u.
2
Let i = 5334 - 4095. Calculate the greatest common factor of 177 and i.
177
Let q(l) = 24*l + 30. Let b be q(3). Let s = b - 91. Calculate the greatest common factor of s and 88.
11
Suppose -85 - 219 = -4*d. Let z be 10 - (15 - 47) - 4. Calculate the greatest common factor of z and d.
38
Let g = 30089 - 30042. Let w = 577 - 60. What is the greatest common factor of g and w?
47
Let l = 1042 - 927. Let t be 4/(-6) - (-1400)/30. Calculate the greatest common factor of t and l.
23
Suppose 13050 = 30*k - 11790. What is the greatest common factor of 46 and k?
46
Let j = 637 - 616. Suppose 0 = -u - 3*u + 256. Suppose 3*o + o - 4*r = 48, -5*o + u = -3*r. Calculate the greatest common factor of j and o.
7
Suppose 0 = -2*f + 13*f + 3014. Let h = 286 + f. Calculate the greatest common divisor of h and 300.
12
Let h(n) = 29*n + 193. Let t be h(-2). What is the greatest common factor of 36 and t?
9
Let g(p) = -p**2 + 8*p - 9. Let f be g(0). Let v(j) = j**3 + 7*j**2 - 40*j + 9. Let y be v(f). What is the greatest common divisor of 9 and y?
9
Suppose 2*s - d + 384 = 7*s, 0 = -5*s - 3*d + 382. Let u = -1007 + 1018. Calculate the greatest common divisor of u and s.
11
Suppose -1396 = -5*q + 779. Let r = q - 181. Let k = -114 + r. What is the greatest common divisor of 28 and k?
28
Suppose 4*y - 5*z + 277 = 34, -2*z = 2*y + 144. Let b = y + 70. Suppose 87 = 12*t + b. Calculate the greatest common factor of 2 and t.
1
Suppose -41*d - 22*d = -37*d - 143000. What is the highest common factor of 220 and d?
220
Let k(w) = 24*w**2 - 71*w + 14. Let o be k(4). Calculate the greatest common divisor of o and 114.
114
Suppose 0 = a - 3, -p = a - 4*a - 553. Suppose -p*j + 557*j = -105. Calculate the highest common divisor of j and 168.
21
Suppose 528 = 3*l - 0*l. Let h(a) = a**2 + 18*a - 72. Let q = -220 - -198. Let b be h(q). Calculate the greatest common factor of l and b.
16
Let h be (-204)/8 - 5/(-10). Let v be 1/2*(h/5 - -15). Suppose 0 = q - 40 - 0. Calculate the highest common divisor of q and v.
5
Suppose 8*w - 6*w = 1400. Suppose -3*x = -f + 46, 4*x = -2*f + 62 - 30. Calculate the greatest common factor of f and w.
28
Let k be 209 - -27 - (-4)/(-6)*-6. What is the highest common factor of 380 and k?
20
Let o be ((-120)/72)/(1/(-3)). Let k(l) = 2*l**2 - 7*l - 7. Let m be k(o). What is the greatest common divisor of 8 and m?
8
Suppose 0 = -5*d + 3*o + 3834, 5*d + 1126 = 4*o + 4968. Calculate the greatest common factor of 306 and d.
6
Suppose 0 = -2*z + 4*s - 42 - 16, 0 = 4*z + 5*s + 51. Let a(g) = -g**3 - 20*g**2 - 19*g + 25. Let b be a(z). What is the greatest common factor of 100 and b?
25
Let m(w) be the first derivative of -w**2/2 + 2*w - 7. Let d be m(0). Suppose d*z - 30 = -6. Calculate the greatest common factor of z and 48.
12
Suppose -879 = -146*c + 143. What is the greatest common factor of 35 and c?
7
Suppose -3*d - 68 - 166 = 0. Let w = 80 + d. Suppose -3*a + 90 = w*a. What is the highest common divisor of a and 63?
9
Let u = 7851 + -7487. What is the highest common factor of 39 and u?
13
Let k be -25 - (-1136)/48 - ((-21982)/3 - 0). Calculate the greatest common divisor of 33 and k.
33
Let q = -62 - -58. Let m be 4 + (q/2 - 0). Let b be (-5 + m)*(-3)/((-9)/(-48)). What is the highest common factor of 16 and b?
16
Suppose 60 = 3*l + 7*m + 24, -m = 2*l - 24. Calculate the greatest common divisor of l and 556.
4
Let k be 81/(7 - 110/20). What is the highest common factor of 4509 and k?
27
Let h be 33 + -15 - (1 - (1 + -2)). Let r = -1 + h. Let o be (-18)/r*(-1 + (-14)/6). What is the greatest common factor of o and 4?
4
Suppose 3*w - 22612 = -43*z + 42*z, -w + 113130 = 5*z. Calculate the greatest common factor of 187 and z.
187
Suppose -4*d + 8*d + 4*v = 12, -4*d + 6 = 2*v. Suppose 3*y - 160 = -4*n + 4*y, d = -n + y + 43. What is the greatest common factor of 26 and n?
13
Suppose 62 - 146 = -4*i. Calculate the highest common factor of 4767 and i.
21
Let f(w) = -5*w - 56. Let b be f(-16). Suppose 0 = b*n - 33*n + 1440. Calculate the greatest common divisor of 10 and n.
10
Let a be (-7)/42*-5*6. Suppose -a*p + 34 = 3*l - 187, -4*p + 199 = -5*l. What is the highest common divisor of 414 and p?
46
Let a = -8743 - -12429. What is the highest common divisor of a and 388?
194
Let p(w) = -14*w**2 + 7*w**2 + 22*w**2 + 12 + 32*w - 14*w**2. Let o be p(-32). Calculate the greatest common divisor of o and 76.
4
Let c = 8242 + -7171. What is the greatest common factor of 153 and c?
153
Let g(n) be the first derivative of -3*n**2 + 18*n + 20. Let q be g(-2). Calculate the greatest common factor of q and 3.
3
Let o = -209 - -219. Suppose 13*h = o*h + 912. Let y(g) = g + 27. Let v be y(11). Calculate the greatest common divisor of v and h.
38
Let d(a) = a**3 - 6*a**2 + 3*a + 22. Let m be (3 - 2)*(-78 + 1). Let u = -72 - m. Let g be d(u). Calculate the highest common factor of 3 and g.
3
Let n be ((-22)/(-4))/((-9)/288). Let p = n - -256. Suppose 20 = -19*i + 21*i. Calculate the greatest common factor of p and i.
10
Suppose -s + 4 = s. Suppose -265*y = -1405*y + 43320. What is the highest common divisor of s and y?
2
Let b be (166/5)/(42/2415). Calculate the greatest common factor of 69 and b.
23
Let o(c) be the second derivative of -4*c**3 - 6*c + 8*c + 10*c**2 + 21*c. Let k be o(-7). Calculate the highest common divisor of 47 and k.
47
Let v(z) = -z + 17. Let c be v(18). Let a be (-2 - -1)/(c/21 + 0). Suppose k - 119 - a = 0. Calculate the highest common divisor of 28 and k.
28
Let l = -220 + 225. Suppose l*f - x = 170, -f - f - 4*x = -90. Calculate the highest common factor of 56 and f.
7
Suppose -4*j = t - 44, -3*j + j - 5*t + 40 = 0. What is the greatest common divisor of 1465 and j?
5
Suppose 18*i - 1839 + 1389 = 0. What is the greatest common divisor of i and 35?
5
Suppose -9*k + 876 + 1194 = 0. Suppose -4*t + 116 + k = -2*o, -3*t + 279 = 5*o. Calculate the highest common divisor of 16 and t.
8
Let n(b) = -3*b + 19. Let r(c) = -c. Let g(q) = -n(q) - 4*r(q). Let o be g(13). Let v be o/(-27)*(-2 - 2/8). What is the greatest common factor of v and 15?
3
Let z = -1378 - -8195. What is the highest common factor of z and 17?
17
Let g(k) = 4*k**2 - 7*k - 5. Let i be g(13). Suppose -27*t = -22*t - i. Let x = -78 + t. What is the highest common divisor of x and 95?
19
Let m(c) = 2*c**2 + c + 2*c - 49 + 42. Let u be m(-3). Suppose -2*r - u*i + 176 = 0, 2*r - 169 = -3*i + 11. Calculate the highest common factor of r and 28.
28
Let q be (-52)/7*7*3*80/(-480). Calculate the greatest common factor of q and 13520.
26
Let v = -7 - -9. Let p = 390 + -253. Suppose p = 18*n - 43. Calculate the greatest common factor of v and n.
2
Let m be (-1)/(-6) + 13175/150. Let d be (-6462)/(-21) + (-48)/(-168). Calculate the greatest common factor of d and m.
44
Suppose -6*y + 44 - 14 = 0. Suppose 3*v + 5*z = 4*z + 588, y*z = -5*v + 970. Suppose -v = -11*k - 32. Calculate the highest common factor of 3 and k.
3
Suppose -5444 + 16315 = 271*g - 24901. Calculate the high